469 + -316. What is the highest common divisor of w and f?
9
Suppose 669 = 86*a + 60*a - 207. Calculate the greatest common factor of a and 417.
3
Suppose -12 = 2*s - 4. Let x(d) = -d**3 - 17*d**2 + 22*d + 73. Let h be x(-18). Let w be ((-468)/48)/(h/s). Calculate the highest common divisor of w and 26.
13
Suppose -14*v + 225 = -307. Let q = 48 - v. Calculate the greatest common factor of q and 40.
10
Let h = -4831 + 4846. What is the highest common divisor of h and 6915?
15
Suppose 10*d = -5*u + 11*d + 245, -129 = -3*u - 3*d. What is the highest common divisor of u and 48?
48
Let z be 1/(2/(-158) + 0). Suppose 0 = -5*y - 5*k - 217 - 288, -2*y - k = 196. Let f = z - y. What is the highest common factor of f and 12?
4
Let n = 15686 - 15312. What is the greatest common divisor of n and 220?
22
Suppose -42 = 6*a, 2*c - 1070 + 163 = a. What is the greatest common divisor of c and 285?
15
Suppose -3 = -162*u + 161*u. Suppose 6*h - 5*h - u*q - 771 = 0, -3*h = q - 2323. What is the greatest common factor of 36 and h?
18
Suppose 0 = -6*b + 2*b + 840. Suppose -23*o + 541 = -5899. What is the highest common divisor of b and o?
70
Suppose -8*c - 101 = -37. Let i be (-17)/(20/c - -2). Let v be i + -1 - (-2 - (-4 + 2)). What is the greatest common divisor of 3 and v?
3
Suppose 253170 = 144*l - 115*l. What is the highest common divisor of 90 and l?
90
Suppose 6*x = -951 + 309. Let h = x + 76. Let w = 46 + h. What is the greatest common factor of w and 15?
15
Let b be ((-20)/56)/5 + 3835/182. What is the highest common factor of 29799 and b?
21
Let r(s) = -20*s**2 - 2*s**3 - 17 + 60 + 141*s - 115*s + 3*s**3. Let z be r(19). Calculate the highest common divisor of z and 44.
44
Let f(r) = 3*r**2 + 28*r + 37. Let k be f(-7). Let i be 10/k + (-14227)/(-246). Calculate the greatest common divisor of 209 and i.
19
Let v(n) = 25*n - 102. Let g(c) = 32*c - 98. Let q be g(4). Let d be v(q). Calculate the highest common divisor of 24 and d.
24
Let b be (-6)/(-4)*475/285*(-624)/(-40). Let x(q) = 3*q**2 - 3*q + 3. Let i be x(-3). What is the highest common divisor of b and i?
39
Suppose -533 = -w + 555. Calculate the highest common divisor of 476 and w.
68
Let m be (6 + -10)*(-1 - 0). Suppose -4*a + 6 = m*n - 34, 3*n = -5*a + 34. What is the highest common divisor of n and 128?
8
Suppose 2*a = -38 + 902. Let z(i) = -10*i - 22. Suppose x + 7 = 4*t, 3*t + 21 = -3*x - 2*t. Let d be z(x). What is the highest common divisor of d and a?
48
Suppose -4*y + 5*z = -45, 5*y = 2*y - 5*z + 25. Suppose 26*m + 139 = -69. Let v = m + 28. Calculate the highest common factor of y and v.
10
Suppose -10*l - 3 - 7 = 0. Let d be l*2/((-2)/5). Suppose -3*i + 8*i + 4*y = -7, d*i + 3*y = -4. What is the highest common divisor of 7 and i?
1
Suppose -477 = -2*k - x, 0 = -k + 166*x - 170*x + 242. What is the highest common divisor of k and 252?
14
Let d = 34 + -29. Suppose 2*f - d*b = 305, -75 + 567 = 3*f + 4*b. Calculate the highest common divisor of 128 and f.
32
Let o be (9/(-3) - 1)*(-9)/12. Suppose -o*k - 2*w + 190 = 0, -16*w + 65 = k - 15*w. What is the greatest common divisor of k and 120?
60
Let r(o) = o**3 + o**2 - 10*o + 2. Let l be r(0). What is the greatest common divisor of 361 and l?
1
Let f be 214 + 1 + -2 + 27/((-243)/(-72)). What is the greatest common factor of 340 and f?
17
Let h be ((-2)/(-3))/(11/(-6) - -2). Let c(w) = -w + 6. Let q be c(h). Suppose q*b = -b + 444. Calculate the greatest common factor of 37 and b.
37
Suppose -72*w + 1920 = -32*w. Suppose -4*l - m - 97 + 3364 = 0, 4*l = -3*m + 3273. What is the greatest common factor of w and l?
48
Let p = 18470 - 18461. Calculate the highest common factor of 429 and p.
3
Suppose 0 = 2*g + 5*w - 362, 55*g - 59*g - 5*w = -754. Calculate the highest common factor of g and 2450.
98
Suppose 12*n - 13 = 347. Suppose 0 = -3*j + 2*j, 2*d = 4*j + n. What is the greatest common divisor of 57 and d?
3
Let p = -68054 - -108001. Calculate the greatest common factor of p and 43.
43
Let b(o) = 9*o**2 - o - 1. Let h be b(-7). What is the greatest common factor of 596 and h?
149
Suppose -6565 - 3263 = -39*s. Calculate the highest common divisor of 14 and s.
14
Suppose -48 = -5*x + 11*x. Let u be (-1730)/x + 0 + 6/(-24). Suppose -3*d + 24 = -2*d. Calculate the highest common divisor of u and d.
24
Suppose -14*f + 114504 + 54704 = 45042. What is the greatest common divisor of f and 49?
49
Let x(q) = 15*q + 616. Let s be x(-22). What is the highest common factor of 78 and s?
26
Let d be ((-2)/1)/(4/8). Let x be (50/8)/(d/(-16)). What is the highest common factor of 5 and x?
5
Let s be (-4)/(-4 + (-177)/(-45)). Let x = -195 - -191. Let i be ((-90)/21)/(x/84). What is the greatest common factor of s and i?
30
Let w = -285 + 273. Let x(m) = -m**2 - 14*m - 6. Let a be x(w). Calculate the greatest common divisor of 162 and a.
18
Suppose 2*n + 1800 = 2*u, -2*u + 2*n - n = -1795. Calculate the highest common factor of u and 10.
5
Let r be 339/15 + (4/10 - 0). Let u = r - -61. What is the highest common factor of u and 21?
21
Let d = 8 - 5. Suppose -b - 48 + 50 = 0. Suppose -b = 3*p + m, -5 = 4*m + 15. What is the greatest common factor of p and d?
1
Suppose -n = -4*n + 45. Suppose 8 = y - 7. Let p be 15 - y - -33*1 - 3. What is the highest common factor of n and p?
15
Let j(d) = -216*d + 6054. Let t be j(28). Suppose -201 = -4*q + 5*f, -2*q = -2*f - 2*f - 96. Calculate the highest common divisor of t and q.
6
Let k be 3/(((-5)/(-225))/(1/3)). Suppose -k = 5*y - 130. Calculate the greatest common factor of 544 and y.
17
Let a = -23114 - -24740. Calculate the greatest common factor of 12 and a.
6
Let t = -576 + -112. Let w = t - -814. Calculate the greatest common divisor of w and 6.
6
Suppose 3*k = -537 - 1032. Let p = 998 + k. Calculate the highest common factor of p and 38.
19
Let v be 4/10 + 26/(1430/1243). Let a = -429 + 705. Calculate the highest common factor of v and a.
23
Let v(r) = r**2 - 15*r - 2. Let p be v(11). Let q = 60 + p. Let z be ((-8)/20)/(1/(-5)). What is the highest common factor of q and z?
2
Let h = 2172 + -1834. Calculate the greatest common divisor of 182 and h.
26
Suppose 12*b - 8*b - 320 = 0. Suppose -4*u - 5*s + 278 = -b, -5*u + 450 = 5*s. Suppose -104 = -7*x + u. Calculate the highest common factor of 4 and x.
4
Let i(q) = 12*q + 2 - 6*q + 5*q**2 - 2*q**2 - 3*q. Let s be i(-2). Suppose s*p - 112 = 6*p. Calculate the greatest common divisor of 7 and p.
7
Let w(m) = 0*m**2 + 10 + 6*m + 4*m + 4*m**2 - 15*m. Let f be w(5). Suppose -7*s = -10*s + 102. What is the highest common factor of f and s?
17
Suppose 2*g + 3 = m + 4, -3*g = 5*m - 8. Let b be (0/(-6))/m + (-144)/(-2). Let v = b - -51. Calculate the highest common divisor of v and 82.
41
Let z be 1*(2/(-2) + 5 + -2). Suppose 6*w + z = 32. What is the highest common factor of w and 125?
5
Let l be -22*((-12)/8 - -2). Let k = 8 - 37. Let i = l - k. What is the highest common factor of i and 9?
9
Suppose -26*l + 3588 + 41122 = -9*l. What is the greatest common factor of l and 30?
10
Let c = -130 + 133. Suppose 5*d - c*d - 22 = 4*m, -3*m - 7 = -d. What is the highest common divisor of 1 and d?
1
Let v(j) = 3*j**2 + 29*j + 60. Let o be v(-13). What is the greatest common divisor of 4 and o?
2
Let y(t) = 7*t + 26. Let o be y(7). Let f = 8 + o. Suppose -64 = -7*a + f. Calculate the greatest common divisor of 42 and a.
21
Suppose 105 = 16*d - 1015. Calculate the greatest common factor of 322 and d.
14
Let z(w) = w**2 - 85. Let s be z(15). Let j = 52 + -33. Suppose -9*v = -j*v + s. Calculate the highest common factor of 35 and v.
7
Let q(k) = k**3 - 9*k**2 - 11*k + 6. Let t(v) = 7*v + 11 - 25 - 4*v - 12. Let l be t(13). Let o be q(l). What is the highest common divisor of o and 49?
49
Suppose 0 = -3*k + 2*s + 219, 0 = -5*k + 88*s - 85*s + 367. Calculate the greatest common factor of k and 49.
7
Suppose -105 = 12*l + 3*l. Let v(u) = -u**3 - 8*u**2 - 10*u - 15. Let c be v(l). What is the greatest common factor of 246 and c?
6
Suppose 104*y - 17669 = -3941. Calculate the highest common divisor of 2948 and y.
44
Let m(w) = w**3 + 43*w**2 + 312*w - 33. Let l be m(-31). Calculate the highest common divisor of 377 and l.
29
Let f be -1*(4 - (8 - 4)). Suppose f = 3*t + 4*h - 162, -h - 2*